{"id":183,"date":"2026-03-17T11:18:59","date_gmt":"2026-03-17T11:18:59","guid":{"rendered":"https:\/\/www.pide15.fi\/?page_id=183"},"modified":"2026-03-25T15:44:55","modified_gmt":"2026-03-25T13:44:55","slug":"pide-ko","status":"publish","type":"page","link":"https:\/\/www.pide15.fi\/?page_id=183","title":{"rendered":"K O T I"},"content":{"rendered":"\n<div class=\"wp-block-group is-nowrap is-layout-flex wp-container-core-group-is-layout-6c531013 wp-block-group-is-layout-flex\">\n<div style=\"height:100px;width:0px\" aria-hidden=\"true\" class=\"wp-block-spacer wp-container-content-6388d5dc\"><\/div>\n\n\n\n<figure class=\"wp-block-image aligncenter size-full is-resized\"><img loading=\"lazy\" decoding=\"async\" width=\"2560\" height=\"1707\" src=\"https:\/\/www.pide15.fi\/wp-content\/uploads\/2026\/03\/KANSIKUVA-PROMO1-2-scaled.jpg\" alt=\"\" class=\"wp-image-14\" style=\"aspect-ratio:1.4997354297376975;width:466px;height:auto\"\/><figcaption class=\"wp-element-caption\"><em>Kuva: Jenna Hahtokari<\/em><\/figcaption><\/figure>\n\n\n\n<div style=\"height:100px;width:0px\" aria-hidden=\"true\" class=\"wp-block-spacer wp-container-content-6388d5dc\"><\/div>\n<\/div>\n\n\n\n<div class=\"wp-block-group is-nowrap is-layout-flex wp-container-core-group-is-layout-6c531013 wp-block-group-is-layout-flex\">\n<div style=\"height:100px;width:0px\" aria-hidden=\"true\" class=\"wp-block-spacer wp-container-content-6388d5dc\"><\/div>\n\n\n\n<details class=\"wp-block-details is-layout-flow wp-block-details-is-layout-flow\" open><summary>PiDE<\/summary>\n<p>Risto Kalle V\u00e4in\u00f6 Jokiranta. 24.07.2005. Sein\u00e4joki, 60100.<\/p>\n<\/details>\n<\/div>\n\n\n\n<div class=\"wp-block-group is-nowrap is-layout-flex wp-container-core-group-is-layout-6c531013 wp-block-group-is-layout-flex\">\n<div style=\"height:100px;width:85px\" aria-hidden=\"true\" class=\"wp-block-spacer wp-container-content-7ec6947d\"><\/div>\n\n\n\n<p class=\"has-small-font-size\">PiDE on <em>sein\u00e4jokelainen rap-artisti<\/em>, joka pit\u00e4\u00e4 hauskaa, tutkii maailmaa ja ilmaisee itse\u00e4\u00e4n musiikin avulla. H\u00e4n on my\u00f6s mukana <em>Heik\u00e4\u00e4 RY<\/em>:n toiminnassa, joka tukee ja edist\u00e4\u00e4 <em>Etel\u00e4-Pohjalaista R\u00e4ppi\u00e4<\/em>, ja sit\u00e4 ymp\u00e4r\u00f6iv\u00e4\u00e4 kulttuuria.<\/p>\n\n\n\n<div style=\"height:100px;width:0px\" aria-hidden=\"true\" class=\"wp-block-spacer wp-container-content-6388d5dc\"><\/div>\n<\/div>\n\n\n\n<div class=\"wp-block-group is-nowrap is-layout-flex wp-container-core-group-is-layout-6c531013 wp-block-group-is-layout-flex\">\n<div style=\"height:100px;width:0px\" aria-hidden=\"true\" class=\"wp-block-spacer wp-container-content-6388d5dc\"><\/div>\n\n\n\n<p>PiDE on julkaissut t\u00e4h\u00e4n menness\u00e4 &#8221;ALAIK\u00c4INEN&#8221;-debyyttialbumin, &#8221;Humpuuki EP&#8221;-levyn, jonka kaikissa kappaleissa oli mukana etel\u00e4-pohjalainen fiittaaja, sek\u00e4 useamman single-julkaisun musiikkivideoineen, ja &#8221;ASIALLINEN MAGAZINE&#8221; lehtineen.<\/p>\n\n\n\n<div style=\"height:100px;width:190px\" aria-hidden=\"true\" class=\"wp-block-spacer wp-container-content-2b769197\"><\/div>\n<\/div>\n\n\n\n<div class=\"wp-block-group is-nowrap is-layout-flex wp-container-core-group-is-layout-6c531013 wp-block-group-is-layout-flex\">\n<div style=\"height:100px;width:0px\" aria-hidden=\"true\" class=\"wp-block-spacer wp-container-content-6388d5dc\"><\/div>\n\n\n\n<p>H\u00e4n on oppinut ja kasvanut r\u00e4pp\u00e4\u00e4miseen perinteisen r\u00e4pin kautta. Muun muassa boom-bap ja g-funk inspiroivat alusta l\u00e4htien PiDE\u00e4, ja se kuuluukin h\u00e4nen musiikissaan. PiDE on kuitenkin my\u00f6s rikkonut genrerajoja, esimerkiksi cloud-r\u00e4pin, trapin, ja jopa punkin sek\u00e4 indie-rockin kautta.<\/p>\n\n\n\n<div style=\"height:100px;width:0px\" aria-hidden=\"true\" class=\"wp-block-spacer wp-container-content-6388d5dc\"><\/div>\n<\/div>\n\n\n\n<hr class=\"wp-block-separator has-alpha-channel-opacity\"\/>\n\n\n\n<div class=\"wp-block-group is-nowrap is-layout-flex wp-container-core-group-is-layout-6c531013 wp-block-group-is-layout-flex\">\n<div style=\"height:100px;width:0px\" aria-hidden=\"true\" class=\"wp-block-spacer wp-container-content-6388d5dc\"><\/div>\n\n\n\n<p>L\u00f6yd\u00e4t PiDEn musiikkia suosimastasi suoratoistopalvelusta, ja h\u00e4nen musiikkivideonsa l\u00f6yd\u00e4t YouTubesta! Vilkaise my\u00f6s tulevat esiintymiset &#8221;keikat&#8221;-osiosta.<\/p>\n\n\n\n<div style=\"height:100px;width:268px\" aria-hidden=\"true\" class=\"wp-block-spacer wp-container-content-b300119b\"><\/div>\n<\/div>\n","protected":false},"excerpt":{"rendered":"<p>PiDE on sein\u00e4jokelainen rap-artisti, joka pit\u00e4\u00e4 hauskaa, tutkii maailmaa ja ilmaisee itse\u00e4\u00e4n musiikin avulla. H\u00e4n on my\u00f6s mukana Heik\u00e4\u00e4 RY:n toiminnassa, joka tukee ja edist\u00e4\u00e4 Etel\u00e4-Pohjalaista R\u00e4ppi\u00e4, ja sit\u00e4 ymp\u00e4r\u00f6iv\u00e4\u00e4 kulttuuria. PiDE on julkaissut t\u00e4h\u00e4n menness\u00e4 &#8221;ALAIK\u00c4INEN&#8221;-debyyttialbumin, &#8221;Humpuuki EP&#8221;-levyn, jonka kaikissa kappaleissa oli mukana etel\u00e4-pohjalainen fiittaaja, sek\u00e4 useamman single-julkaisun musiikkivideoineen, ja &#8221;ASIALLINEN MAGAZINE&#8221; lehtineen. H\u00e4n [&hellip;]<\/p>\n","protected":false},"author":1,"featured_media":0,"parent":0,"menu_order":0,"comment_status":"closed","ping_status":"closed","template":"page-alternative","meta":{"footnotes":""},"class_list":["post-183","page","type-page","status-publish","hentry"],"yoast_head":"<!-- This site is optimized with the Yoast SEO plugin v27.5 - https:\/\/yoast.com\/product\/yoast-seo-wordpress\/ -->\n<title>K O T I - PiDE<\/title>\n<meta name=\"description\" content=\"Tervetuloa PiDEn virallisille nettisivuille! PiDE on suomalainen rap-artisti, jonka uusimmat julkaisut, keikat sek\u00e4 yhteystiedot l\u00f6yd\u00e4t n\u00e4ilt\u00e4 sivuilta.\" \/>\n<meta name=\"robots\" content=\"index, follow, max-snippet:-1, max-image-preview:large, max-video-preview:-1\" \/>\n<link rel=\"canonical\" href=\"https:\/\/www.pide15.fi\/?page_id=183\" \/>\n<meta property=\"og:locale\" content=\"fi_FI\" \/>\n<meta property=\"og:type\" content=\"article\" \/>\n<meta property=\"og:title\" content=\"K O T I - PiDE\" \/>\n<meta property=\"og:description\" content=\"Tervetuloa PiDEn virallisille nettisivuille! PiDE on suomalainen rap-artisti, jonka uusimmat julkaisut, keikat sek\u00e4 yhteystiedot l\u00f6yd\u00e4t n\u00e4ilt\u00e4 sivuilta.\" \/>\n<meta property=\"og:url\" content=\"https:\/\/www.pide15.fi\/?page_id=183\" \/>\n<meta property=\"og:site_name\" content=\"PiDE\" \/>\n<meta property=\"article:modified_time\" content=\"2026-03-25T13:44:55+00:00\" \/>\n<meta property=\"og:image\" content=\"https:\/\/www.pide15.fi\/wp-content\/uploads\/2026\/03\/KANSIKUVA-PROMO1-2-scaled.jpg\" \/>\n\t<meta property=\"og:image:width\" content=\"2560\" \/>\n\t<meta property=\"og:image:height\" content=\"1707\" \/>\n\t<meta property=\"og:image:type\" content=\"image\/jpeg\" \/>\n<meta name=\"twitter:card\" content=\"summary_large_image\" \/>\n<meta name=\"twitter:label1\" content=\"Arvioitu lukuaika\" \/>\n\t<meta name=\"twitter:data1\" content=\"1 minuutti\" \/>\n<script type=\"application\/ld+json\" class=\"yoast-schema-graph\">{\"@context\":\"https:\\\/\\\/schema.org\",\"@graph\":[{\"@type\":\"WebPage\",\"@id\":\"https:\\\/\\\/www.pide15.fi\\\/?page_id=183\",\"url\":\"https:\\\/\\\/www.pide15.fi\\\/?page_id=183\",\"name\":\"K O T I - PiDE\",\"isPartOf\":{\"@id\":\"https:\\\/\\\/www.pide15.fi\\\/#website\"},\"primaryImageOfPage\":{\"@id\":\"https:\\\/\\\/www.pide15.fi\\\/?page_id=183#primaryimage\"},\"image\":{\"@id\":\"https:\\\/\\\/www.pide15.fi\\\/?page_id=183#primaryimage\"},\"thumbnailUrl\":\"https:\\\/\\\/www.pide15.fi\\\/wp-content\\\/uploads\\\/2026\\\/03\\\/KANSIKUVA-PROMO1-2-scaled.jpg\",\"datePublished\":\"2026-03-17T11:18:59+00:00\",\"dateModified\":\"2026-03-25T13:44:55+00:00\",\"description\":\"Tervetuloa PiDEn virallisille nettisivuille! PiDE on suomalainen rap-artisti, jonka uusimmat julkaisut, keikat sek\u00e4 yhteystiedot l\u00f6yd\u00e4t n\u00e4ilt\u00e4 sivuilta.\",\"breadcrumb\":{\"@id\":\"https:\\\/\\\/www.pide15.fi\\\/?page_id=183#breadcrumb\"},\"inLanguage\":\"fi\",\"potentialAction\":[{\"@type\":\"ReadAction\",\"target\":[\"https:\\\/\\\/www.pide15.fi\\\/?page_id=183\"]}]},{\"@type\":\"ImageObject\",\"inLanguage\":\"fi\",\"@id\":\"https:\\\/\\\/www.pide15.fi\\\/?page_id=183#primaryimage\",\"url\":\"https:\\\/\\\/www.pide15.fi\\\/wp-content\\\/uploads\\\/2026\\\/03\\\/KANSIKUVA-PROMO1-2-scaled.jpg\",\"contentUrl\":\"https:\\\/\\\/www.pide15.fi\\\/wp-content\\\/uploads\\\/2026\\\/03\\\/KANSIKUVA-PROMO1-2-scaled.jpg\",\"width\":2560,\"height\":1707},{\"@type\":\"BreadcrumbList\",\"@id\":\"https:\\\/\\\/www.pide15.fi\\\/?page_id=183#breadcrumb\",\"itemListElement\":[{\"@type\":\"ListItem\",\"position\":1,\"name\":\"Etusivu\",\"item\":\"https:\\\/\\\/www.pide15.fi\\\/\"},{\"@type\":\"ListItem\",\"position\":2,\"name\":\"K O T I\"}]},{\"@type\":\"WebSite\",\"@id\":\"https:\\\/\\\/www.pide15.fi\\\/#website\",\"url\":\"https:\\\/\\\/www.pide15.fi\\\/\",\"name\":\"PiDE\",\"description\":\"YOUNG GUN - debyyttistudioalbumi ULKONA NYT!\",\"publisher\":{\"@id\":\"https:\\\/\\\/www.pide15.fi\\\/#organization\"},\"potentialAction\":[{\"@type\":\"SearchAction\",\"target\":{\"@type\":\"EntryPoint\",\"urlTemplate\":\"https:\\\/\\\/www.pide15.fi\\\/?s={search_term_string}\"},\"query-input\":{\"@type\":\"PropertyValueSpecification\",\"valueRequired\":true,\"valueName\":\"search_term_string\"}}],\"inLanguage\":\"fi\"},{\"@type\":\"Organization\",\"@id\":\"https:\\\/\\\/www.pide15.fi\\\/#organization\",\"name\":\"PiDE\",\"url\":\"https:\\\/\\\/www.pide15.fi\\\/\",\"logo\":{\"@type\":\"ImageObject\",\"inLanguage\":\"fi\",\"@id\":\"https:\\\/\\\/www.pide15.fi\\\/#\\\/schema\\\/logo\\\/image\\\/\",\"url\":\"https:\\\/\\\/www.pide15.fi\\\/wp-content\\\/uploads\\\/2026\\\/03\\\/PiDE-LOGO-WHITE-scaled.png\",\"contentUrl\":\"https:\\\/\\\/www.pide15.fi\\\/wp-content\\\/uploads\\\/2026\\\/03\\\/PiDE-LOGO-WHITE-scaled.png\",\"width\":2560,\"height\":1744,\"caption\":\"PiDE\"},\"image\":{\"@id\":\"https:\\\/\\\/www.pide15.fi\\\/#\\\/schema\\\/logo\\\/image\\\/\"}}]}<\/script>\n<!-- \/ Yoast SEO plugin. -->","yoast_head_json":{"title":"K O T I - PiDE","description":"Tervetuloa PiDEn virallisille nettisivuille! PiDE on suomalainen rap-artisti, jonka uusimmat julkaisut, keikat sek\u00e4 yhteystiedot l\u00f6yd\u00e4t n\u00e4ilt\u00e4 sivuilta.","robots":{"index":"index","follow":"follow","max-snippet":"max-snippet:-1","max-image-preview":"max-image-preview:large","max-video-preview":"max-video-preview:-1"},"canonical":"https:\/\/www.pide15.fi\/?page_id=183","og_locale":"fi_FI","og_type":"article","og_title":"K O T I - PiDE","og_description":"Tervetuloa PiDEn virallisille nettisivuille! PiDE on suomalainen rap-artisti, jonka uusimmat julkaisut, keikat sek\u00e4 yhteystiedot l\u00f6yd\u00e4t n\u00e4ilt\u00e4 sivuilta.","og_url":"https:\/\/www.pide15.fi\/?page_id=183","og_site_name":"PiDE","article_modified_time":"2026-03-25T13:44:55+00:00","og_image":[{"width":2560,"height":1707,"url":"https:\/\/www.pide15.fi\/wp-content\/uploads\/2026\/03\/KANSIKUVA-PROMO1-2-scaled.jpg","type":"image\/jpeg"}],"twitter_card":"summary_large_image","twitter_misc":{"Arvioitu lukuaika":"1 minuutti"},"schema":{"@context":"https:\/\/schema.org","@graph":[{"@type":"WebPage","@id":"https:\/\/www.pide15.fi\/?page_id=183","url":"https:\/\/www.pide15.fi\/?page_id=183","name":"K O T I - PiDE","isPartOf":{"@id":"https:\/\/www.pide15.fi\/#website"},"primaryImageOfPage":{"@id":"https:\/\/www.pide15.fi\/?page_id=183#primaryimage"},"image":{"@id":"https:\/\/www.pide15.fi\/?page_id=183#primaryimage"},"thumbnailUrl":"https:\/\/www.pide15.fi\/wp-content\/uploads\/2026\/03\/KANSIKUVA-PROMO1-2-scaled.jpg","datePublished":"2026-03-17T11:18:59+00:00","dateModified":"2026-03-25T13:44:55+00:00","description":"Tervetuloa PiDEn virallisille nettisivuille! PiDE on suomalainen rap-artisti, jonka uusimmat julkaisut, keikat sek\u00e4 yhteystiedot l\u00f6yd\u00e4t n\u00e4ilt\u00e4 sivuilta.","breadcrumb":{"@id":"https:\/\/www.pide15.fi\/?page_id=183#breadcrumb"},"inLanguage":"fi","potentialAction":[{"@type":"ReadAction","target":["https:\/\/www.pide15.fi\/?page_id=183"]}]},{"@type":"ImageObject","inLanguage":"fi","@id":"https:\/\/www.pide15.fi\/?page_id=183#primaryimage","url":"https:\/\/www.pide15.fi\/wp-content\/uploads\/2026\/03\/KANSIKUVA-PROMO1-2-scaled.jpg","contentUrl":"https:\/\/www.pide15.fi\/wp-content\/uploads\/2026\/03\/KANSIKUVA-PROMO1-2-scaled.jpg","width":2560,"height":1707},{"@type":"BreadcrumbList","@id":"https:\/\/www.pide15.fi\/?page_id=183#breadcrumb","itemListElement":[{"@type":"ListItem","position":1,"name":"Etusivu","item":"https:\/\/www.pide15.fi\/"},{"@type":"ListItem","position":2,"name":"K O T I"}]},{"@type":"WebSite","@id":"https:\/\/www.pide15.fi\/#website","url":"https:\/\/www.pide15.fi\/","name":"PiDE","description":"YOUNG GUN - debyyttistudioalbumi ULKONA NYT!","publisher":{"@id":"https:\/\/www.pide15.fi\/#organization"},"potentialAction":[{"@type":"SearchAction","target":{"@type":"EntryPoint","urlTemplate":"https:\/\/www.pide15.fi\/?s={search_term_string}"},"query-input":{"@type":"PropertyValueSpecification","valueRequired":true,"valueName":"search_term_string"}}],"inLanguage":"fi"},{"@type":"Organization","@id":"https:\/\/www.pide15.fi\/#organization","name":"PiDE","url":"https:\/\/www.pide15.fi\/","logo":{"@type":"ImageObject","inLanguage":"fi","@id":"https:\/\/www.pide15.fi\/#\/schema\/logo\/image\/","url":"https:\/\/www.pide15.fi\/wp-content\/uploads\/2026\/03\/PiDE-LOGO-WHITE-scaled.png","contentUrl":"https:\/\/www.pide15.fi\/wp-content\/uploads\/2026\/03\/PiDE-LOGO-WHITE-scaled.png","width":2560,"height":1744,"caption":"PiDE"},"image":{"@id":"https:\/\/www.pide15.fi\/#\/schema\/logo\/image\/"}}]}},"jetpack_sharing_enabled":true,"_links":{"self":[{"href":"https:\/\/www.pide15.fi\/index.php?rest_route=\/wp\/v2\/pages\/183","targetHints":{"allow":["GET"]}}],"collection":[{"href":"https:\/\/www.pide15.fi\/index.php?rest_route=\/wp\/v2\/pages"}],"about":[{"href":"https:\/\/www.pide15.fi\/index.php?rest_route=\/wp\/v2\/types\/page"}],"author":[{"embeddable":true,"href":"https:\/\/www.pide15.fi\/index.php?rest_route=\/wp\/v2\/users\/1"}],"replies":[{"embeddable":true,"href":"https:\/\/www.pide15.fi\/index.php?rest_route=%2Fwp%2Fv2%2Fcomments&post=183"}],"version-history":[{"count":12,"href":"https:\/\/www.pide15.fi\/index.php?rest_route=\/wp\/v2\/pages\/183\/revisions"}],"predecessor-version":[{"id":337,"href":"https:\/\/www.pide15.fi\/index.php?rest_route=\/wp\/v2\/pages\/183\/revisions\/337"}],"wp:attachment":[{"href":"https:\/\/www.pide15.fi\/index.php?rest_route=%2Fwp%2Fv2%2Fmedia&parent=183"}],"curies":[{"name":"wp","href":"https:\/\/api.w.org\/{rel}","templated":true}]}}