{"id":177,"date":"2026-03-17T11:18:58","date_gmt":"2026-03-17T11:18:58","guid":{"rendered":"https:\/\/www.pide15.fi\/?page_id=177"},"modified":"2026-03-25T15:45:15","modified_gmt":"2026-03-25T13:45:15","slug":"pide-musiikkivideot","status":"publish","type":"page","link":"https:\/\/www.pide15.fi\/?page_id=177","title":{"rendered":"M U S I I K K I V I D E O T"},"content":{"rendered":"\n<div class=\"wp-block-group is-nowrap is-layout-flex wp-container-core-group-is-layout-6c531013 wp-block-group-is-layout-flex\">\n<div style=\"height:100px;width:121px\" aria-hidden=\"true\" class=\"wp-block-spacer wp-container-content-8a282bcf\"><\/div>\n\n\n\n<p class=\"has-small-font-size\">Sen lis\u00e4ksi, ett\u00e4 <em>Risto Jokiranta<\/em> on <em>tuottanut, mixannut ja masteroinut<\/em> omia, tai muiden kappaleita, h\u00e4n on my\u00f6s <em>k\u00e4sikirjoittanut, ohjannut, kuvannut ja leikannut<\/em> omia, sek\u00e4 muiden musiikkivideoita.<\/p>\n\n\n\n<div style=\"height:100px;width:247px\" aria-hidden=\"true\" class=\"wp-block-spacer wp-container-content-32999c63\"><\/div>\n<\/div>\n\n\n\n<div class=\"wp-block-group is-nowrap is-layout-flex wp-container-core-group-is-layout-6c531013 wp-block-group-is-layout-flex\">\n<div style=\"height:100px;width:0px\" aria-hidden=\"true\" class=\"wp-block-spacer wp-container-content-6388d5dc\"><\/div>\n\n\n\n<p class=\"has-small-font-size\">Vaikka musiikkivideoiden tekeminen ei ole PiDEn ensisijainen intohimo, on se hyvin vahva kakkonen. Jo ensimm\u00e4isest\u00e4 videosta l\u00e4htien niin sanottuja <em>tekosyit\u00e4 ei ole keksitty<\/em>, vaan videot on tehty sill\u00e4 mit\u00e4 on, luoden <em>ikimuistoisia ja hienoja hetki\u00e4.<\/em><\/p>\n\n\n\n<div style=\"height:100px;width:0px\" aria-hidden=\"true\" class=\"wp-block-spacer wp-container-content-6388d5dc\"><\/div>\n<\/div>\n\n\n\n<div class=\"wp-block-group is-nowrap is-layout-flex wp-container-core-group-is-layout-6c531013 wp-block-group-is-layout-flex\">\n<div style=\"height:100px;width:0px\" aria-hidden=\"true\" class=\"wp-block-spacer wp-container-content-6388d5dc\"><\/div>\n\n\n\n<p class=\"has-small-font-size\">T\u00e4ss\u00e4kin asiassa, sanonta <em>&#8221;tekem\u00e4ll\u00e4 oppii&#8221;<\/em> on todettu todelliseksi. Toki n\u00e4it\u00e4k\u00e4\u00e4n projekteja, niin kuin levyj\u00e4k\u00e4\u00e4n, ei tietenk\u00e4\u00e4n ole tehty yksin. Kannattaakin lukea kiitostekstit huolellisesti l\u00e4vitse! Erityisesti nimi Joel Sepp\u00e4nen on noussut usealla videolla esiin kuvaajan tai leikkaajan roolissa. Musiikkivideot l\u00f6yd\u00e4t YouTubesta nimimerkill\u00e4 @pideviistoist<br><\/p>\n\n\n\n<div style=\"height:100px;width:0px\" aria-hidden=\"true\" class=\"wp-block-spacer wp-container-content-6388d5dc\"><\/div>\n<\/div>\n\n\n\n<hr class=\"wp-block-separator has-alpha-channel-opacity\"\/>\n\n\n\n<p class=\"has-text-align-center\">Paina kuvasta n\u00e4hd\u00e4ksesi uusimman videon!<\/p>\n\n\n\n<figure class=\"wp-block-image aligncenter size-large is-resized\"><a href=\"https:\/\/www.youtube.com\/watch?v=OvYhLpBnYJI&amp;list=RDOvYhLpBnYJI&amp;start_radio=1\"><img loading=\"lazy\" decoding=\"async\" width=\"1024\" height=\"576\" src=\"https:\/\/www.pide15.fi\/wp-content\/uploads\/2026\/03\/thumbnail2-1-1024x576.jpg\" alt=\"\" class=\"wp-image-282\" style=\"width:252px;height:auto\" srcset=\"https:\/\/www.pide15.fi\/wp-content\/uploads\/2026\/03\/thumbnail2-1-1024x576.jpg 1024w, https:\/\/www.pide15.fi\/wp-content\/uploads\/2026\/03\/thumbnail2-1-300x169.jpg 300w, https:\/\/www.pide15.fi\/wp-content\/uploads\/2026\/03\/thumbnail2-1-768x432.jpg 768w, https:\/\/www.pide15.fi\/wp-content\/uploads\/2026\/03\/thumbnail2-1-1536x864.jpg 1536w, https:\/\/www.pide15.fi\/wp-content\/uploads\/2026\/03\/thumbnail2-1-2048x1152.jpg 2048w\" sizes=\"auto, (max-width: 1024px) 100vw, 1024px\" \/><\/a><\/figure>\n","protected":false},"excerpt":{"rendered":"<p>Sen lis\u00e4ksi, ett\u00e4 Risto Jokiranta on tuottanut, mixannut ja masteroinut omia, tai muiden kappaleita, h\u00e4n on my\u00f6s k\u00e4sikirjoittanut, ohjannut, kuvannut ja leikannut omia, sek\u00e4 muiden musiikkivideoita. Vaikka musiikkivideoiden tekeminen ei ole PiDEn ensisijainen intohimo, on se hyvin vahva kakkonen. Jo ensimm\u00e4isest\u00e4 videosta l\u00e4htien niin sanottuja tekosyit\u00e4 ei ole keksitty, vaan videot on tehty sill\u00e4 mit\u00e4 [&hellip;]<\/p>\n","protected":false},"author":1,"featured_media":0,"parent":0,"menu_order":0,"comment_status":"closed","ping_status":"closed","template":"page-alternative","meta":{"footnotes":""},"class_list":["post-177","page","type-page","status-publish","hentry"],"yoast_head":"<!-- This site is optimized with the Yoast SEO plugin v27.5 - https:\/\/yoast.com\/product\/yoast-seo-wordpress\/ -->\n<title>M U S I I K K I V I D E O T - PiDE<\/title>\n<meta name=\"description\" content=\"PiDE on julkaissut, ja my\u00f6s tehnyt useita musiikkivideoita. T\u00e4lt\u00e4 sivulta l\u00f6yd\u00e4t enemm\u00e4n tietoa, ja p\u00e4\u00e4set my\u00f6s katsomaan uusimman musiikkivideon!\" \/>\n<meta name=\"robots\" content=\"index, follow, max-snippet:-1, max-image-preview:large, max-video-preview:-1\" \/>\n<link rel=\"canonical\" href=\"https:\/\/www.pide15.fi\/?page_id=177\" \/>\n<meta property=\"og:locale\" content=\"fi_FI\" \/>\n<meta property=\"og:type\" content=\"article\" \/>\n<meta property=\"og:title\" content=\"M U S I I K K I V I D E O T - PiDE\" \/>\n<meta property=\"og:description\" content=\"PiDE on julkaissut, ja my\u00f6s tehnyt useita musiikkivideoita. T\u00e4lt\u00e4 sivulta l\u00f6yd\u00e4t enemm\u00e4n tietoa, ja p\u00e4\u00e4set my\u00f6s katsomaan uusimman musiikkivideon!\" \/>\n<meta property=\"og:url\" content=\"https:\/\/www.pide15.fi\/?page_id=177\" \/>\n<meta property=\"og:site_name\" content=\"PiDE\" \/>\n<meta property=\"article:modified_time\" content=\"2026-03-25T13:45:15+00:00\" \/>\n<meta property=\"og:image\" content=\"https:\/\/www.pide15.fi\/wp-content\/uploads\/2026\/03\/thumbnail2-1-scaled.jpg\" \/>\n\t<meta property=\"og:image:width\" content=\"2560\" \/>\n\t<meta property=\"og:image:height\" content=\"1440\" \/>\n\t<meta property=\"og:image:type\" content=\"image\/jpeg\" \/>\n<meta name=\"twitter:card\" content=\"summary_large_image\" \/>\n<meta name=\"twitter:label1\" content=\"Arvioitu lukuaika\" \/>\n\t<meta name=\"twitter:data1\" content=\"1 minuutti\" \/>\n<script type=\"application\/ld+json\" class=\"yoast-schema-graph\">{\"@context\":\"https:\\\/\\\/schema.org\",\"@graph\":[{\"@type\":\"WebPage\",\"@id\":\"https:\\\/\\\/www.pide15.fi\\\/?page_id=177\",\"url\":\"https:\\\/\\\/www.pide15.fi\\\/?page_id=177\",\"name\":\"M U S I I K K I V I D E O T - PiDE\",\"isPartOf\":{\"@id\":\"https:\\\/\\\/www.pide15.fi\\\/#website\"},\"primaryImageOfPage\":{\"@id\":\"https:\\\/\\\/www.pide15.fi\\\/?page_id=177#primaryimage\"},\"image\":{\"@id\":\"https:\\\/\\\/www.pide15.fi\\\/?page_id=177#primaryimage\"},\"thumbnailUrl\":\"https:\\\/\\\/www.pide15.fi\\\/wp-content\\\/uploads\\\/2026\\\/03\\\/thumbnail2-1-1024x576.jpg\",\"datePublished\":\"2026-03-17T11:18:58+00:00\",\"dateModified\":\"2026-03-25T13:45:15+00:00\",\"description\":\"PiDE on julkaissut, ja my\u00f6s tehnyt useita musiikkivideoita. T\u00e4lt\u00e4 sivulta l\u00f6yd\u00e4t enemm\u00e4n tietoa, ja p\u00e4\u00e4set my\u00f6s katsomaan uusimman musiikkivideon!\",\"breadcrumb\":{\"@id\":\"https:\\\/\\\/www.pide15.fi\\\/?page_id=177#breadcrumb\"},\"inLanguage\":\"fi\",\"potentialAction\":[{\"@type\":\"ReadAction\",\"target\":[\"https:\\\/\\\/www.pide15.fi\\\/?page_id=177\"]}]},{\"@type\":\"ImageObject\",\"inLanguage\":\"fi\",\"@id\":\"https:\\\/\\\/www.pide15.fi\\\/?page_id=177#primaryimage\",\"url\":\"https:\\\/\\\/www.pide15.fi\\\/wp-content\\\/uploads\\\/2026\\\/03\\\/thumbnail2-1-scaled.jpg\",\"contentUrl\":\"https:\\\/\\\/www.pide15.fi\\\/wp-content\\\/uploads\\\/2026\\\/03\\\/thumbnail2-1-scaled.jpg\",\"width\":2560,\"height\":1440},{\"@type\":\"BreadcrumbList\",\"@id\":\"https:\\\/\\\/www.pide15.fi\\\/?page_id=177#breadcrumb\",\"itemListElement\":[{\"@type\":\"ListItem\",\"position\":1,\"name\":\"Etusivu\",\"item\":\"https:\\\/\\\/www.pide15.fi\\\/\"},{\"@type\":\"ListItem\",\"position\":2,\"name\":\"M U S I I K K I V I D E O T\"}]},{\"@type\":\"WebSite\",\"@id\":\"https:\\\/\\\/www.pide15.fi\\\/#website\",\"url\":\"https:\\\/\\\/www.pide15.fi\\\/\",\"name\":\"PiDE\",\"description\":\"YOUNG GUN - debyyttistudioalbumi ULKONA NYT!\",\"publisher\":{\"@id\":\"https:\\\/\\\/www.pide15.fi\\\/#organization\"},\"potentialAction\":[{\"@type\":\"SearchAction\",\"target\":{\"@type\":\"EntryPoint\",\"urlTemplate\":\"https:\\\/\\\/www.pide15.fi\\\/?s={search_term_string}\"},\"query-input\":{\"@type\":\"PropertyValueSpecification\",\"valueRequired\":true,\"valueName\":\"search_term_string\"}}],\"inLanguage\":\"fi\"},{\"@type\":\"Organization\",\"@id\":\"https:\\\/\\\/www.pide15.fi\\\/#organization\",\"name\":\"PiDE\",\"url\":\"https:\\\/\\\/www.pide15.fi\\\/\",\"logo\":{\"@type\":\"ImageObject\",\"inLanguage\":\"fi\",\"@id\":\"https:\\\/\\\/www.pide15.fi\\\/#\\\/schema\\\/logo\\\/image\\\/\",\"url\":\"https:\\\/\\\/www.pide15.fi\\\/wp-content\\\/uploads\\\/2026\\\/03\\\/PiDE-LOGO-WHITE-scaled.png\",\"contentUrl\":\"https:\\\/\\\/www.pide15.fi\\\/wp-content\\\/uploads\\\/2026\\\/03\\\/PiDE-LOGO-WHITE-scaled.png\",\"width\":2560,\"height\":1744,\"caption\":\"PiDE\"},\"image\":{\"@id\":\"https:\\\/\\\/www.pide15.fi\\\/#\\\/schema\\\/logo\\\/image\\\/\"}}]}<\/script>\n<!-- \/ Yoast SEO plugin. -->","yoast_head_json":{"title":"M U S I I K K I V I D E O T - PiDE","description":"PiDE on julkaissut, ja my\u00f6s tehnyt useita musiikkivideoita. T\u00e4lt\u00e4 sivulta l\u00f6yd\u00e4t enemm\u00e4n tietoa, ja p\u00e4\u00e4set my\u00f6s katsomaan uusimman musiikkivideon!","robots":{"index":"index","follow":"follow","max-snippet":"max-snippet:-1","max-image-preview":"max-image-preview:large","max-video-preview":"max-video-preview:-1"},"canonical":"https:\/\/www.pide15.fi\/?page_id=177","og_locale":"fi_FI","og_type":"article","og_title":"M U S I I K K I V I D E O T - PiDE","og_description":"PiDE on julkaissut, ja my\u00f6s tehnyt useita musiikkivideoita. T\u00e4lt\u00e4 sivulta l\u00f6yd\u00e4t enemm\u00e4n tietoa, ja p\u00e4\u00e4set my\u00f6s katsomaan uusimman musiikkivideon!","og_url":"https:\/\/www.pide15.fi\/?page_id=177","og_site_name":"PiDE","article_modified_time":"2026-03-25T13:45:15+00:00","og_image":[{"width":2560,"height":1440,"url":"https:\/\/www.pide15.fi\/wp-content\/uploads\/2026\/03\/thumbnail2-1-scaled.jpg","type":"image\/jpeg"}],"twitter_card":"summary_large_image","twitter_misc":{"Arvioitu lukuaika":"1 minuutti"},"schema":{"@context":"https:\/\/schema.org","@graph":[{"@type":"WebPage","@id":"https:\/\/www.pide15.fi\/?page_id=177","url":"https:\/\/www.pide15.fi\/?page_id=177","name":"M U S I I K K I V I D E O T - PiDE","isPartOf":{"@id":"https:\/\/www.pide15.fi\/#website"},"primaryImageOfPage":{"@id":"https:\/\/www.pide15.fi\/?page_id=177#primaryimage"},"image":{"@id":"https:\/\/www.pide15.fi\/?page_id=177#primaryimage"},"thumbnailUrl":"https:\/\/www.pide15.fi\/wp-content\/uploads\/2026\/03\/thumbnail2-1-1024x576.jpg","datePublished":"2026-03-17T11:18:58+00:00","dateModified":"2026-03-25T13:45:15+00:00","description":"PiDE on julkaissut, ja my\u00f6s tehnyt useita musiikkivideoita. T\u00e4lt\u00e4 sivulta l\u00f6yd\u00e4t enemm\u00e4n tietoa, ja p\u00e4\u00e4set my\u00f6s katsomaan uusimman musiikkivideon!","breadcrumb":{"@id":"https:\/\/www.pide15.fi\/?page_id=177#breadcrumb"},"inLanguage":"fi","potentialAction":[{"@type":"ReadAction","target":["https:\/\/www.pide15.fi\/?page_id=177"]}]},{"@type":"ImageObject","inLanguage":"fi","@id":"https:\/\/www.pide15.fi\/?page_id=177#primaryimage","url":"https:\/\/www.pide15.fi\/wp-content\/uploads\/2026\/03\/thumbnail2-1-scaled.jpg","contentUrl":"https:\/\/www.pide15.fi\/wp-content\/uploads\/2026\/03\/thumbnail2-1-scaled.jpg","width":2560,"height":1440},{"@type":"BreadcrumbList","@id":"https:\/\/www.pide15.fi\/?page_id=177#breadcrumb","itemListElement":[{"@type":"ListItem","position":1,"name":"Etusivu","item":"https:\/\/www.pide15.fi\/"},{"@type":"ListItem","position":2,"name":"M U S I I K K I V I D E O T"}]},{"@type":"WebSite","@id":"https:\/\/www.pide15.fi\/#website","url":"https:\/\/www.pide15.fi\/","name":"PiDE","description":"YOUNG GUN - debyyttistudioalbumi ULKONA NYT!","publisher":{"@id":"https:\/\/www.pide15.fi\/#organization"},"potentialAction":[{"@type":"SearchAction","target":{"@type":"EntryPoint","urlTemplate":"https:\/\/www.pide15.fi\/?s={search_term_string}"},"query-input":{"@type":"PropertyValueSpecification","valueRequired":true,"valueName":"search_term_string"}}],"inLanguage":"fi"},{"@type":"Organization","@id":"https:\/\/www.pide15.fi\/#organization","name":"PiDE","url":"https:\/\/www.pide15.fi\/","logo":{"@type":"ImageObject","inLanguage":"fi","@id":"https:\/\/www.pide15.fi\/#\/schema\/logo\/image\/","url":"https:\/\/www.pide15.fi\/wp-content\/uploads\/2026\/03\/PiDE-LOGO-WHITE-scaled.png","contentUrl":"https:\/\/www.pide15.fi\/wp-content\/uploads\/2026\/03\/PiDE-LOGO-WHITE-scaled.png","width":2560,"height":1744,"caption":"PiDE"},"image":{"@id":"https:\/\/www.pide15.fi\/#\/schema\/logo\/image\/"}}]}},"jetpack_sharing_enabled":true,"_links":{"self":[{"href":"https:\/\/www.pide15.fi\/index.php?rest_route=\/wp\/v2\/pages\/177","targetHints":{"allow":["GET"]}}],"collection":[{"href":"https:\/\/www.pide15.fi\/index.php?rest_route=\/wp\/v2\/pages"}],"about":[{"href":"https:\/\/www.pide15.fi\/index.php?rest_route=\/wp\/v2\/types\/page"}],"author":[{"embeddable":true,"href":"https:\/\/www.pide15.fi\/index.php?rest_route=\/wp\/v2\/users\/1"}],"replies":[{"embeddable":true,"href":"https:\/\/www.pide15.fi\/index.php?rest_route=%2Fwp%2Fv2%2Fcomments&post=177"}],"version-history":[{"count":15,"href":"https:\/\/www.pide15.fi\/index.php?rest_route=\/wp\/v2\/pages\/177\/revisions"}],"predecessor-version":[{"id":335,"href":"https:\/\/www.pide15.fi\/index.php?rest_route=\/wp\/v2\/pages\/177\/revisions\/335"}],"wp:attachment":[{"href":"https:\/\/www.pide15.fi\/index.php?rest_route=%2Fwp%2Fv2%2Fmedia&parent=177"}],"curies":[{"name":"wp","href":"https:\/\/api.w.org\/{rel}","templated":true}]}}